{"id":149,"date":"2026-02-10T09:06:24","date_gmt":"2026-02-10T09:06:24","guid":{"rendered":"https:\/\/charlottelangohr.be\/?post_type=product&#038;p=149"},"modified":"2026-02-10T09:44:36","modified_gmt":"2026-02-10T09:44:36","slug":"carte-postale-tattoo-faux-juste-un-gros-bisou-2","status":"publish","type":"product","link":"https:\/\/charlottelangohr.be\/index.php\/produit\/carte-postale-tattoo-faux-juste-un-gros-bisou-2\/","title":{"rendered":"Carte postale TATTOO FAUX"},"content":{"rendered":"<p data-start=\"228\" data-end=\"398\"><strong data-start=\"228\" data-end=\"271\"> Juste un gros bisou !<\/strong><\/p>\n<p data-start=\"228\" data-end=\"398\"><strong data-start=\"228\" data-end=\"271\"><br \/>\nUne carte postale\u2026 mais bien plus encore !<\/strong><br data-start=\"271\" data-end=\"274\" \/>Int\u00e9gr\u00e9, un <strong data-start=\"292\" data-end=\"315\">TATTOO FAUX<\/strong> \u00e0 appliquer sur la peau : un message qui ne se lit pas seulement, mais qui se vit.<\/p>\n<p data-start=\"400\" data-end=\"619\">Pour la Saint-Valentin, votre anniversaire de rencontre, d\u00e9clarer ta flamme \u00e0 ton idole, ou juste envoyer un petit message \u00e0 tes proches.<\/p>\n<p data-start=\"400\" data-end=\"619\">Ton destinataire peut le porter <strong data-start=\"432\" data-end=\"445\">en secret<\/strong>, comme un talisman personnel, ou l\u2019afficher <strong data-start=\"490\" data-end=\"503\">fi\u00e8rement<\/strong>, comme une d\u00e9claration assum\u00e9e.<br data-start=\"535\" data-end=\"538\" \/>Un geste intime ou un clin d\u2019\u0153il visible \u2014 \u00e0 chacun sa fa\u00e7on de le faire exister.<\/p>\n<p data-start=\"621\" data-end=\"790\">Cette <strong data-start=\"627\" data-end=\"656\">d\u00e9calcomanie \u00e0 l\u2019ancienne<\/strong> transforme la carte en exp\u00e9rience :<br data-start=\"692\" data-end=\"695\" \/>le lecteur devient acteur, le message prend corps, et un lien ludique se cr\u00e9e\u2026 m\u00eame \u00e0 distance.<\/p>\n<p>Envoie-l\u00e0 dans une enveloppe ferm\u00e9e pour garder le tatouage \u00e9ph\u00e9m\u00e8re bien au sec.<\/p>\n","protected":false},"excerpt":{"rendered":"<p>Carte postale avec un TATTOO FAUX pour un envoi original et ludique<\/p>\n","protected":false},"featured_media":133,"template":"","meta":[],"product_brand":[],"product_cat":[28,29],"product_tag":[],"class_list":{"0":"post-149","1":"product","2":"type-product","3":"status-publish","4":"has-post-thumbnail","6":"product_cat-cartes-postales","7":"product_cat-tattoo-faux","8":"product_shipping_class-petit","10":"first","11":"instock","12":"taxable","13":"shipping-taxable","14":"purchasable","15":"product-type-simple"},"_links":{"self":[{"href":"https:\/\/charlottelangohr.be\/index.php\/wp-json\/wp\/v2\/product\/149","targetHints":{"allow":["GET"]}}],"collection":[{"href":"https:\/\/charlottelangohr.be\/index.php\/wp-json\/wp\/v2\/product"}],"about":[{"href":"https:\/\/charlottelangohr.be\/index.php\/wp-json\/wp\/v2\/types\/product"}],"wp:featuredmedia":[{"embeddable":true,"href":"https:\/\/charlottelangohr.be\/index.php\/wp-json\/wp\/v2\/media\/133"}],"wp:attachment":[{"href":"https:\/\/charlottelangohr.be\/index.php\/wp-json\/wp\/v2\/media?parent=149"}],"wp:term":[{"taxonomy":"product_brand","embeddable":true,"href":"https:\/\/charlottelangohr.be\/index.php\/wp-json\/wp\/v2\/product_brand?post=149"},{"taxonomy":"product_cat","embeddable":true,"href":"https:\/\/charlottelangohr.be\/index.php\/wp-json\/wp\/v2\/product_cat?post=149"},{"taxonomy":"product_tag","embeddable":true,"href":"https:\/\/charlottelangohr.be\/index.php\/wp-json\/wp\/v2\/product_tag?post=149"}],"curies":[{"name":"wp","href":"https:\/\/api.w.org\/{rel}","templated":true}]}}